988. What are the prime factors of r?
3, 7, 19
Let q = 4 - 2. Let i(u) = 13*u + 3*u**q + 7 - 4*u**2 - 7*u. List the prime factors of i(5).
2, 3
Suppose 4*f - 68 = 304. Suppose 2*d - 163 - f = 0. List the prime factors of d.
2
List the prime factors of 8492/7 - 15/105.
1213
Let y be 1*(-5 + -7593) - (2 + 1). What are the prime factors of y/(-77) + 2/7?
3, 11
Let d(z) = -z**3 + 34*z**2 - 27*z - 82. List the prime factors of d(33).
2, 29
Suppose -21*x = -48*x + 4104. What are the prime factors of x?
2, 19
Let q be -2 + (-1 - -1) - -7. Let n(x) be the first derivative of 2*x**2 - x + 1. List the prime factors of n(q).
19
Let y = -43 + 21. Let p = y + 32. List the prime factors of p.
2, 5
Suppose -d - 3*n = -0*d - 18, -23 = -d - 2*n. Let j = 48 - d. What are the prime factors of j?
3, 5
Suppose -h = 4 - 20. Let n = -85 - -109. Let x = n - h. List the prime factors of x.
2
Suppose 0*q - 8 = -4*q. Suppose -q*b + 0*b = 4*s - 28, 0 = b + 3*s - 19. Let a(i) = i**2 + 3. List the prime factors of a(b).
19
Suppose 4*z - 6*f + f - 416 = 0, -4*z + 412 = -4*f. Let c(g) = g + 3. Let m be c(0). Suppose m*q + 0*q - z = 0. What are the prime factors of q?
3, 11
Let m be (-4 - (-4 + 4)) + 10. Let z = m - 2. Suppose -7 + 59 = z*l. What are the prime factors of l?
13
Let j be ((-5)/(-30))/(1/18). What are the prime factors of (0 - (137 - j))*-1?
2, 67
Suppose 8*t - 2*t - 288 = 0. Let b be (t/(-40))/((-3)/(-190)). Let x = -42 - b. What are the prime factors of x?
2, 17
Let x be (10 + -6)*1/(-2) + 5527. Suppose 16*f = -f + x. List the prime factors of f.
5, 13
Suppose -3 = 4*k - 23. Suppose -g - d = -0*g + 25, 0 = -k*g + 2*d - 111. Let i = 44 + g. What are the prime factors of i?
3, 7
Let q(o) = -2*o**2 - 8*o + 5. Let m be q(-6). Let w = m - -28. List the prime factors of (-1813)/(-63) + 2/w.
29
Let v = 12980 - 8593. List the prime factors of v.
41, 107
Suppose -23*v = -30*v + 3661. What are the prime factors of v?
523
List the prime factors of 4*(-12640)/(-48)*(-6)/(-5).
2, 79
Suppose 5*h = 4*a - 21, -39 = -3*a - 0*a - 4*h. Suppose 4*t + 2 = 2*s + 18, 20 = 5*s + 5*t. Suppose i = -s*i + a. What are the prime factors of i?
3
Let b = -32 - -36. Suppose -2*u = b*w - 224, -5*u - 252 = -7*w + 3*w. What are the prime factors of w?
2, 29
Suppose -2*w = w - 9. Suppose 2*q + w*q + 20 = 0, g = q - 2. List the prime factors of (-5)/(-30) - 413/g.
3, 23
What are the prime factors of (-2786)/(-3) - 144/(-432)?
929
Suppose 3*k - a - 3643 = 0, -10*a = 2*k - 11*a - 2428. List the prime factors of k.
3, 5
Suppose 0 = -54*z + 6*z + 129840. What are the prime factors of z?
5, 541
Let d = -803 + 1363. What are the prime factors of d?
2, 5, 7
Let d(t) = -18*t + 2. Let j be d(-3). Let l be (j/(-6))/((-4)/6). Suppose -3*c + 80 = l. List the prime factors of c.
2, 11
What are the prime factors of (-21 + -657)*(-2)/6*1?
2, 113
Let g = -322 + 817. Suppose -4*f - 3*h = -430 - 231, -3*f + g = 2*h. What are the prime factors of f?
163
Let n = 1031 + -326. What are the prime factors of n?
3, 5, 47
Suppose 0 = -21*b + 64840 - 8959. What are the prime factors of b?
3, 887
Let k = 40 + -17. Let c = 0 + 2. Suppose -k = c*l - 3*l. What are the prime factors of l?
23
Let u be (21/9)/((-2)/12). Let q = -14 - u. Let r(s) = -s**3 - s**2 + s + 25. What are the prime factors of r(q)?
5
Suppose -2*m = -4*z - 1876, 4*m + z - 3231 = 476. List the prime factors of m.
2, 29
Let d(w) = w**3 - w**2 + 2*w + 2. Let t be d(-2). What are the prime factors of (4/(-1) - t) + -4?
2, 3
Suppose -3*u - 44 = u. Let j(o) = -4*o - 17. Let k(c) = 2*c + 9. Let h(m) = u*k(m) - 6*j(m). List the prime factors of h(3).
3
Let a(c) = c**3 + 5*c**2 - 17*c + 2. Let k be a(-10). Let u = k - -582. What are the prime factors of u?
2, 127
Suppose -2*u + 10 = -y, 3*u - 2*y - 17 = -0*y. Suppose -174 = u*l - 6*l. Suppose 2*f + 62 = 3*m + 4*f, -3*m = 4*f - l. What are the prime factors of m?
2, 11
Suppose 1 = h + f - 11, 4*h = 3*f + 27. Let a(g) = 3*g**2 + g - 5. Let o be a(-2). Let t = h - o. What are the prime factors of t?
2
Let b be (-2)/(-10) - (-5967)/(-85). Let j = -28 - b. List the prime factors of j.
2, 3, 7
Suppose 4*y = -3*n + 12, 4*n = -0*y + 5*y - 15. Suppose n = -3*s + 4 + 8. Suppose -p - 4*i = -5, -4*p + 20 = -s*i + 2*i. List the prime factors of p.
5
Let j(z) = 3*z + 10. Let l be j(-4). List the prime factors of (34 + -4)*1 + l.
2, 7
Suppose -23*o - 3871 = -22018. List the prime factors of o.
3, 263
Suppose -32*f + 59382 - 5238 = 0. What are the prime factors of f?
2, 3, 47
Let n = 60 - 60. Suppose 0 = -2*f + 2, n = -4*o + 3*f + 428 + 257. List the prime factors of o.
2, 43
Suppose 0 = -o + 2*o + 3*x + 34, x = -4*o - 103. Let m = o - -23. Let p(w) = -w**3 - 3*w**2 - w + 4. What are the prime factors of p(m)?
2
Suppose i + 6 = -1. Let v = i - 7. Let g(r) = -2*r - 5. List the prime factors of g(v).
23
Let n = 27 - 27. Suppose 0*r + 2*r - 62 = 3*f, 3*r - 4*f - 93 = n. List the prime factors of r.
31
Let y(s) = 4*s - 87. Let k(r) = -2*r + 44. Let w(t) = 7*k(t) + 3*y(t). List the prime factors of w(9).
29
Suppose 2*g + g = -5*p + 47, 2*g = -3*p + 28. Let b = -7 + p. Let z = b - -12. List the prime factors of z.
3, 5
Let h = 2808 + -2511. List the prime factors of h.
3, 11
Suppose -2*d + 43 = t, -3*d + t + 0*t = -57. Suppose 0 = -6*w + 2*w + d. Suppose -5*o + 4*c = -85, -10 = 3*c + w. List the prime factors of o.
13
Suppose -30*r + 28*r + 4*g + 7944 = 0, 3*g - 7944 = -2*r. What are the prime factors of r?
2, 3, 331
Let i(w) = w**3 + 22*w**2 - 25*w + 18. What are the prime factors of i(-23)?
2
Suppose 15*g - 20626 - 6449 = 0. List the prime factors of g.
5, 19
Let o(x) = 18*x**2 + 113*x - 4. List the prime factors of o(-10).
2, 3, 37
Let g be (-21)/2*(-48)/(-24). Let u = 14 + g. Let o = u - -76. What are the prime factors of o?
3, 23
Suppose u = -3*v + 6*u + 5537, -u + 1859 = v. List the prime factors of v.
2, 3, 103
Let h = 21 - 21. Suppose 5*a + 20 = h, 2*i = -0*i - 3*a - 8. Suppose -y = -l + 31, -l + i*y - 4 = -35. What are the prime factors of l?
31
Suppose -1114 = -g + v, 0 = -g + 196*v - 193*v + 1122. List the prime factors of g.
2, 3, 5, 37
Suppose -5*v - 463 = -r, 105 = -2*v - 4*r - 89. Let k = 176 + v. List the prime factors of k.
83
Let u be ((0/(-1))/(-4))/2. Suppose u = -2*t + 2, -3*t = -k - 4*k + 47. What are the prime factors of k?
2, 5
What are the prime factors of (-85820)/(-84)*(-12)/(-10)?
2, 613
Suppose l + 5*w = -22 + 3, 0 = 3*l - 5*w - 43. Let i be (0 + l/9)*51. Suppose -5*f - i = -3*b, 5 = -5*b - 3*f + 73. What are the prime factors of b?
13
Let t(d) = 7*d**2 + 16*d - 9. Let m = 72 - 78. List the prime factors of t(m).
3, 7
Suppose 0 = -q - 4*u + 806, -5*u = 7 - 2. List the prime factors of q.
2, 3, 5
Let w(c) = 30*c**2 + 2*c. Let s be 2 - (-4)/(-12)*0. What are the prime factors of w(s)?
2, 31
Let x be (((-9)/(-3))/((-6)/4))/(-2). Let i = x - -257. What are the prime factors of i?
2, 3, 43
Let p(c) = -55*c + 14. What are the prime factors of p(-8)?
2, 227
Let y(s) = -s**3 + 21*s**2 - 9*s + 28. Let n(m) = -m**2. Let q(c) = 3*n(c) - y(c). What are the prime factors of q(24)?
2, 47
Let m(v) = 3*v + 164 + 2*v - 165. What are the prime factors of m(2)?
3
List the prime factors of ((-50)/15 + 8)*(-339)/(-2).
7, 113
Let j(w) = 9 - 7 - 4 - 2 + w**2 - w. Suppose 0 = -5*y - 11 - 19. List the prime factors of j(y).
2, 19
Let p = 31 - 19. Suppose -f + 9 = -p. What are the prime factors of f?
3, 7
Let x be 22/(-55)*(-6 - -1). Suppose x*d - 10 = -3*g - g, -3*d = -5*g - 15. What are the prime factors of d?
5
Let i(w) = 9 + 0 + 53*w - 1. Let c be i(-4). List the prime factors of 3/2*c/(-9).
2, 17
Suppose -22*s + s + 125832 = 0. What are the prime factors of s?
2, 7, 107
Suppose -w + 17 = 4*s, 0 = w + 2*w + 2*s - 1. Let d = w + 5. What are the prime factors of 10 + d - (-2)/(-1)?
2, 5
Let x = -28 + 40. Suppose -5*n + 3*m = -x, 5*n - 2*m - 2*m = 11. Suppose n*u - 9 = 15. What are the prime factors of u?
2
What are the prime factors of 276/(-483) + (-6367)/(-7)?
3, 101
Let m be 293 + (-4 + 3)*4. Suppose m = 6*c + 55. List the prime factors of c.
3, 13
Let j(t) = 7*t**3 - t**2 - 2*t + 2. Let k be j(1). Let r be (-12)/(-1)*125/15. What are the prime factors of 21/14*r/k?
5
Suppose 20 = 4*w + 8. Suppose w*m - 42 = 45. Let o = m + 